divided by h?
34
Let c(r) = 2*r**2 + 23*r + 15. Let a be c(-13). Suppose i - 10 + a = 3*g, -5*g - 2*i + 88 = 0. What is the remainder when g is divided by 6?
4
Suppose 2*a + 2*a + 8 = 0, 90 = -2*k + a. Let b = -24 - k. Calculate the remainder when 42 is divided by b.
20
Let y(t) = t**2 + 10*t + 31. Calculate the remainder when y(-10) is divided by 15.
1
Let h = 567 + -483. Calculate the remainder when h is divided by 34.
16
Let f(a) = -a**2 - 10*a - 35. Let d be f(-6). Let l(w) = w**3 + 11*w**2 - 4*w + 21. What is the remainder when l(d) is divided by 34?
31
Let p(u) = 2*u**2 + 5*u + 4. What is the remainder when 258 is divided by p(3)?
36
Let t = -693 - -737. Calculate the remainder when 302 is divided by t.
38
Let o = -3 + 7. Suppose -o*l = -8*l + 12. Suppose 0 = 3*p + 3, -2*t + l*p = 5 - 38. What is the remainder when t is divided by 6?
3
Suppose -b = 4*z - 4, -5 = b + 3*b - 5*z. Suppose -a - 4*l = -3*a, -4*a - 2*l = b. Suppose 13 = -a*s + s. What is the remainder when 24 is divided by s?
11
Suppose -3*h + 36 = h. Calculate the remainder when (-22 + -60)/(-1 - (0 + 1)) is divided by h.
5
Suppose -120*b = -117*b - 24. What is the remainder when 70 is divided by b?
6
Let l = -419 - -440. What is the remainder when 40 is divided by l?
19
Let x(w) = 29*w - 13. Let h(c) = -14*c + 7. Let q(t) = 11*h(t) + 6*x(t). What is the remainder when 320/6 - (-6)/9 is divided by q(1)?
16
Let n = 85 - 60. Suppose 561 - n = 2*j. Calculate the remainder when 40 is divided by j/12 - 1/3.
18
Suppose -n - 254 = -3*t, 2*t - 2*n - 253 = -t. Suppose -7*k = -671 - t. Calculate the remainder when k is divided by 37.
34
Suppose 2*r - 20 = -0*r. Let g = 462 - 448. What is the remainder when g is divided by (r/(-6))/(2/(-6))?
4
Suppose 268 = 3*w + w. Suppose -23 = u + w. Calculate the remainder when 51 is divided by 6/(-24) + u/(-8).
7
Suppose -200 = -5*h - 3*g - 0, -3*g = 3*h - 120. Let b = 19 + -8. What is the remainder when h is divided by b?
7
Let f(r) = 38*r - 115. Let o(g) = -8*g - 3. What is the remainder when f(6) is divided by o(-4)?
26
Let o = 33 - 30. Suppose -o*x = -6*x + 105. What is the remainder when x is divided by 13?
9
Suppose -2*i - 4*s - 242 = -78, -2*s = -4*i - 368. Let m = -52 - i. What is the remainder when m is divided by 14?
10
Suppose 0*y + 3*y = 0. Suppose y = -6*v + 50 + 262. Suppose -4*h = -2*t - 66, 0*t + 75 = 5*h - t. What is the remainder when v is divided by h?
10
What is the remainder when 390 is divided by (32/48)/(6/153)?
16
Suppose 3*a - 2*a = 125. Suppose 2*o = -2 + 14. Suppose a = -x + o*x. Calculate the remainder when x is divided by 14.
11
Let y = -10 + 11. What is the remainder when (-39)/6*(-4)/2 is divided by 152/32 - y/(-4)?
3
Let u = 1204 - 815. Calculate the remainder when u is divided by 14.
11
Let h = -19 + 25. What is the remainder when 1 + 29 + h/2 is divided by -24*(10/8 - 2)?
15
Suppose -123 = -3*s - 3*d - 0*d, -3*s + 5*d = -107. What is the remainder when 775 is divided by s?
34
Let p(g) = 2*g - 3. Let j(c) = 3*c - 6. Let i(b) = 3*j(b) - 5*p(b). Let h be i(-6). Suppose -2*m + 55 = h*m. Calculate the remainder when 31 is divided by m.
9
Suppose 6*i + 0*i + 30 = 0. Suppose 3 = 3*a - 0*a. Let y = a - i. What is the remainder when 21 is divided by y?
3
Let n(h) = -h**3 - 12*h**2 - 3*h - 4. Let f be n(-12). Let i = -52 + f. Calculate the remainder when 18 is divided by 37/5 - (-8)/i.
4
Suppose -4*h = -5*z - 31, 34 = 3*h - 3*z + 13. Suppose -2*c + 5*q = -26, 4*q + 4 = -4. Calculate the remainder when c is divided by h.
0
Let c(p) = -41*p + 119. Calculate the remainder when c(-9) is divided by 5.
3
Let h(y) = -y - 1. Suppose -5*x - 14 = 2*d, -5*x + 2*x - 2*d = 10. Calculate the remainder when (4 - 2) + 29 + x is divided by h(-9).
5
Suppose u + 3*z - 27 = z, 4*u - z - 63 = 0. Let r(k) = -k + 20. Suppose -3*f = -5*f + 10. What is the remainder when f is divided by r(u)?
2
Suppose 7*c = 4*c. Suppose p = -4*h + 4*p - 3, c = 3*h - 3*p. What is the remainder when 8 + 4/(-6)*h is divided by 3?
1
Let z(p) be the first derivative of p**3/3 - 5*p**2 + 16*p + 2. Let c = -7 + 18. What is the remainder when 80 is divided by z(c)?
26
Let i = 343 + 7. What is the remainder when i is divided by 31?
9
Let q(f) = 2*f**3 - 11*f**2 + 13*f - 11. What is the remainder when q(5) is divided by 11?
7
Suppose -3*z + 171 = 2*n, 0 = 11*n - 8*n - 3*z - 219. Calculate the remainder when n is divided by 7.
1
Let r(g) = 2*g**2 + 32*g + 104. Calculate the remainder when (92/(-10))/((-3)/15) is divided by r(-4).
6
Suppose 3*r + 48 = -r. Let v = -12 - r. Suppose v = 3*l - 83 - 34. What is the remainder when l is divided by 14?
11
Suppose -2*g - 10 = -26. Suppose -11*z - 24 = -g*z. Let p = 32 - z. What is the remainder when 118 is divided by p?
38
What is the remainder when 32/20 + -2 + (-2712)/(-5) is divided by 16?
14
Let n = 123 + -99. Calculate the remainder when 16/n + 2*(-62)/(-3) is divided by 11.
9
Let j = -1 + -2. Suppose 7*x - 56 = -3*n + 3*x, x = 5*n - 78. What is the remainder when 3*10 - (4 + j) is divided by n?
13
Let w(h) = -2*h**2 + 2*h. Let o be w(3). Let n(x) = -x**2 - 12*x + 11. Calculate the remainder when n(o) is divided by 3.
2
Let m be 9/1*(-62)/(-3). Suppose m = -5*q + 506. Suppose 5*b = 3*o - q, -7 = 2*o + 3*b - 75. What is the remainder when o is divided by 15?
13
Suppose -171*b - 150 = -176*b. Calculate the remainder when 114 is divided by b.
24
Suppose -6*o + 2*o + 5*a = -92, 0 = 3*o - 5*a - 69. Suppose -1691 = -8*n - 243. What is the remainder when n is divided by o?
20
Let f(d) = -d**3 + 7*d**2 - d - 1. Let m = 145 + -140. Suppose m*t + 44 = 4*x, -2*x = -3*t + 13 - 33. What is the remainder when f(4) is divided by x?
11
Suppose -5 = 13*i - 14*i. Calculate the remainder when 89 is divided by i.
4
Let g(j) = 3*j**2 + 7*j + 5 - 4 + 2 + 2. Let x be 1/(-2) - (-14)/(-4). What is the remainder when 73 is divided by g(x)?
23
Calculate the remainder when 90 is divided by (36/16 + 9)/(3/8).
0
Let k(w) = w - 5. Let g be k(7). What is the remainder when (-1 - g)/((-6)/46) is divided by 7?
2
Let g be ((-5)/3*15)/(-1). Suppose -5*o + 70 = g. What is the remainder when 31 is divided by o?
4
Let r be (-3*1)/(3/(-4)). Suppose 5*w = -29 + r. What is the remainder when 52 is divided by 1*-3 - (-16 + w)?
16
Let b = 44 - 89. Let g = 56 + b. Calculate the remainder when g is divided by 11.
0
Suppose -4*b - 7 = 5*w, 3*w + 10 = 4*w - 3*b. Suppose -5*s = -97 - 48. Let u = s + -24. Calculate the remainder when u is divided by w.
0
Let b(n) = -2*n - 1. Let p be (-19 - 20)*(-1)/(-3). Calculate the remainder when 198 is divided by b(p).
23
Let q(h) = 22*h + 60. Calculate the remainder when 224 is divided by q(-1).
34
Let z = -368 - -566. What is the remainder when z is divided by 25?
23
Suppose -4*r = p + 18, -2*r = 4*p + 2*r + 12. Suppose -4*c + 0*f = -4*f - 40, p*c + 2*f = 36. What is the remainder when 67 is divided by c?
11
Let h(a) = -2*a + 309. Let c be h(0). Suppose -c = -i + 4*i. Let w = -14 - i. Calculate the remainder when w is divided by 30.
29
Let f(l) = 4*l - 7. Let z be f(7). Let w = -17 + z. Suppose 2*n + w*n = 66. Calculate the remainder when n is divided by 2.
1
Let k(q) = -q**3 - 8*q**2 - 5*q + 15. Let j be k(-7). Calculate the remainder when 38 is divided by 6/(-8) + j - (-1045)/76.
10
What is the remainder when (-9)/(-6) + (-769)/(-2) is divided by 43?
42
Calculate the remainder when 129 is divided by (-4)/(-10)*15/(-4)*-14.
3
Suppose -49*o = -43*o - 1170. Calculate the remainder when o is divided by 18.
15
Suppose -5*i = -k + 48, -4*k + 22 = -3*i - 17. Let y(o) = 5*o + 48. What is the remainder when (-6)/9 + 40/6 is divided by y(i)?
0
Calculate the remainder when 159 is divided by 2 - 286/117 - (-373)/9.
36
Suppose 77 = -5*r + 217. What is the remainder when r is divided by 20?
8
Let x(r) = 2*r**3 + 70*r**2 - 2*r - 43. Calculate the remainder when 53 is divided by x(-35).
26
Let r(g) = -g**3 - 2*g**2 - 4*g - 1. Let v be r(-2). Calculate the remainder when 49 is divided by -1 + 1 - ((-6)/1 - v).
10
Suppose -3*f = 0, -4*g = f - 5*f. What is the remainder when 22 is divided by 32/12*3 + g?
6
Suppose 9*h = 6*h - 4*h. Suppose -4*g = n - 56, -g = -h*g + 2*n - 7. Calculate the remainder when g is divided by 2.
1
Suppose 2*x = -3*k + 32, x = 